 digit of q(v)?
1
Suppose 10*x - 8*x - 158 = 0. What is the units digit of x?
9
Suppose 4*p = -0*p + 128. What is the units digit of p?
2
Let k(m) = 3*m + 2. Let b be k(2). Let l = -4 + b. What is the units digit of l?
4
Suppose 0 = 8*j - 814 - 290. What is the hundreds digit of j?
1
Let j = 1 - -2. Suppose -j*y - 2 = -3*f + 19, -2 = -y. What is the units digit of f?
9
Let l = 8 + -3. Suppose 0 = l*z - 10 - 10. What is the units digit of z?
4
Let w = -199 + 91. Let z = w - -151. What is the units digit of z?
3
Let s(c) = -3*c + 21. What is the units digit of s(5)?
6
Let g = 523 - 249. What is the tens digit of g?
7
Suppose -5*b = -3*i - 58 + 172, -5*i - 6 = b. Let m = -11 - b. What is the tens digit of m?
1
Let p be ((-6)/9*6)/(-1). Suppose 0 = 4*h - 5*q + 3 + 15, p*h + 22 = 3*q. What is the units digit of (h/(-2))/((-1)/(-2))?
7
Suppose -5*m + 32 = 12. Suppose -16 = 4*b, -u - m*u = -3*b - 27. What is the units digit of u?
3
Let c(i) = -i**3 - 7*i**2 - 10*i - 14. What is the units digit of c(-6)?
0
Let z(o) = -o**2 - 6*o + 4. Let u be (2 - 16/14)*14. Let c = u + -17. What is the units digit of z(c)?
9
Suppose 0 = -6*r + 678 + 78. What is the units digit of r?
6
Let p = -156 - -222. What is the units digit of p?
6
Suppose -3*o + 469 = -5*l, -5*o - 3*l + 85 = -742. What is the hundreds digit of o?
1
Let t(w) = w + 2. Let m be t(0). Suppose -6*d + m*d = 16. Let q(f) = f**2 + f - 2. What is the tens digit of q(d)?
1
Suppose 15 = -5*d - 20. Let w(v) = -v**3 - 8*v**2 - 7*v + 9. Let p be w(d). Let j = -4 + p. What is the units digit of j?
5
Let q = -5 + 8. Suppose -q*y + 15 = 2*y. Suppose 5 = 2*t - y. What is the units digit of t?
4
Let h = -615 - -967. What is the units digit of h?
2
Let y be (-1)/(20/(-6) + 3). Let j(q) = -1 + 4 - y + 12*q. What is the tens digit of j(1)?
1
Let g be -2 - -3 - (-3)/(-3). Suppose -2*t + 24 = -g*t. What is the tens digit of t?
1
Let i(q) be the third derivative of q**5/60 - q**4/8 - q**3/6 + q**2. Suppose 4*k - 8 = 8. What is the units digit of i(k)?
3
Let t(x) = x**3 + 7*x**2 - 6*x - 2. What is the units digit of t(-7)?
0
Let d(y) = -y**3 - 12*y**2 - 14*y - 15. What is the units digit of d(-11)?
8
Suppose 26 = -o + 5*z, 3*o - 2*z + 4 + 9 = 0. What is the units digit of (5 - o)/(1 + 0)?
6
What is the hundreds digit of (20150/22)/5 - (-2)/(-11)?
1
Let b = -1 - -4. Suppose -53 = -4*k + b*a, -k - 29 = -5*k - 5*a. What is the tens digit of k?
1
Suppose 0 = u - 2*q + 6*q - 94, 0 = -5*u + 2*q + 514. What is the tens digit of u?
0
Let t = 6 - 10. Let s be 2*2/t - 3. Let o(x) = x**3 + 4*x**2 - 4*x - 1. What is the units digit of o(s)?
5
Suppose -12*t = -7*t - 845. What is the tens digit of t?
6
What is the hundreds digit of 182 - (-3 - (0 + -8))?
1
Suppose 8*j = 3*j. Suppose 0 = r - j - 2. What is the units digit of r?
2
What is the units digit of 16 - ((1 - 3) + 4)?
4
Suppose -2 = n - 26. What is the tens digit of n?
2
Let f(h) be the first derivative of h**6/120 - h**5/15 + h**4/8 + h**3/6 + h**2 + 1. Let v(c) be the second derivative of f(c). What is the tens digit of v(4)?
1
Suppose 31 = 3*c + 5*s - s, 0 = 4*c - 3*s - 8. Let y(m) = -2*m - 13. Let i be y(-9). Suppose 4*d = -c*z + 50, -d = -i*d - z + 42. What is the units digit of d?
0
Let o = 1 - 3. Suppose 5*x + 6*a - 2*a = 20, 5*a = 0. Let m = x + o. What is the units digit of m?
2
Suppose 7*u = 4*m + 2*u - 250, m - 5*u = 55. What is the tens digit of m?
6
Suppose 2*g = 3*g - 8. Suppose 0 = -2*z - 0 + g. What is the units digit of z?
4
Suppose -3*a - 5*z + 43 + 4 = 0, 4*z = -a + 4. Suppose 0*u - 4*u + a = 0. Suppose -u = 4*b - 2*r, -3*r + 28 = 3*b + 2*r. What is the units digit of b?
1
Suppose 4*m + 0 + 5 = -3*l, -m + 1 = 3*l. Let p = m + 2. Let g = p - -5. What is the units digit of g?
5
Let x(i) = 44*i**2 + 2*i + 2. What is the tens digit of x(-1)?
4
Let f = 55 - 29. Let o = -15 + f. What is the tens digit of o?
1
What is the units digit of -1 + (-264)/(-7 + 3)?
5
Suppose -l + 2*y + 27 = 0, -131 = -4*l + 4*y - 3. Suppose -8*i - 2*g - l = -3*i, 0 = 2*i - 5*g + 9. What is the units digit of i/(-2)*(0 - -2)?
7
Let j = 5 - 16. Let c = 1 + -9. Let z = c - j. What is the units digit of z?
3
Let z(q) = q**2 + 2*q + 3. Let o be z(-3). Suppose o*g - 85 = g. What is the units digit of g?
7
What is the units digit of 0 + (-1)/((-5)/(-20)) + 9?
5
Let i(r) = r**2 - 2. What is the units digit of i(9)?
9
Let v(k) be the first derivative of 5*k**3/3 - k**2 + 4*k - 1. Let z be v(3). Suppose -5*m + 2*w = -z, -4*w = -3*m + 15 + 22. What is the units digit of m?
7
Suppose 2*l - 6*u + 4*u = 114, -261 = -5*l - 3*u. What is the units digit of l?
4
Let j = 21 - -6. What is the units digit of j?
7
Let p(k) = 3*k - 2. Let l(o) = o + 1. Let g(y) = 4*l(y) - p(y). Let a = -23 - -18. What is the units digit of g(a)?
1
Let v = 0 - 1. Let q = v + 1. Suppose -3*k + q*k + 18 = 0. What is the units digit of k?
6
Suppose -5*m - 3*i + 884 = i, -2*m = 3*i - 348. What is the units digit of m?
0
What is the tens digit of 2/(-5) - 1659/(-35)?
4
Let j be (-3)/3*-5*1. Suppose -2*b - 2*w = -10, -3*b + j + 14 = -w. Suppose -5*a + b = -24. What is the units digit of a?
6
Let q(z) = -z**3 - 14*z**2 + 5*z + 11. What is the tens digit of q(-15)?
6
Suppose 3*w = 7*w. Suppose 4*d + w*d = 4, j + 5*d = 6. What is the units digit of j?
1
Let f(q) = q**3 + 10*q**2 + 9*q + 1. Let h be f(-9). Let l(m) = 7*m**2 + m - 1. What is the units digit of l(h)?
7
Suppose -4*s = y + 7, -y + 4*y - 4*s = 43. Let l be (-426)/(-4)*6/y. Suppose -3*u = 2*u + 5*q - 85, 5*u - 2*q - l = 0. What is the tens digit of u?
1
What is the tens digit of ((-3)/4)/(6/(-336))?
4
What is the tens digit of (-2 - 131)*3/(3 - 6)?
3
Suppose -8 = -2*o - 2*o. Suppose -b - o*b + 54 = 0. What is the units digit of b?
8
Let w(f) = f**3 - 5*f**2 + 5*f + 4. Let v be w(4). Suppose -d = 3*d + v, -5*n + 80 = -5*d. What is the tens digit of n?
1
Let r = -41 - -119. What is the tens digit of r?
7
Suppose 5*m - 587 = 313. What is the units digit of m?
0
Suppose 3*d = 8 + 1. What is the units digit of 1 + d - (0 + 2)?
2
Suppose 2*t - 75 = -3*t. What is the units digit of t?
5
Suppose -5*q + 40 - 13 = 4*n, -2*q - 9 = -5*n. Suppose 2*x - 4 = -2*r, -2*x + 7*r = q*r - 28. Let d(g) = g**2 - 4*g - 5. What is the units digit of d(x)?
7
Suppose -3*r + 5*x + 4 = 0, -2*x + 0 = -r + 2. Let m(c) = 47*c + 2. Let v be m(r). What is the units digit of v/(-22) + 6/(-33)?
4
Let y(g) = 2*g - 3. Let f be y(3). Suppose 0 = 3*x - f*d - 30, -4*x - 5*d = -13 - 0. What is the units digit of x?
7
Suppose -j - 58 = -g - 0*j, 2*g - 121 = 3*j. What is the units digit of g?
3
Let x(h) = -10*h - 6. What is the tens digit of x(-3)?
2
Let o be -1 + 0 + -2 + 2. Let r = 16 - o. What is the tens digit of r?
1
Let p(s) = 3*s**2 + 3*s - 5. Let m be ((-5)/2)/((-3)/6). Let q be p(m). Suppose -2*g = -7*g + q. What is the tens digit of g?
1
Let m(p) be the second derivative of -1/12*p**4 + 3*p + 0*p**3 + 0 + 3/2*p**2. What is the units digit of m(0)?
3
Let u be 12/30 + (-277)/5. Let n = -34 - u. What is the units digit of (-1 + n - -3) + -3?
0
Let z = -17 - -20. What is the units digit of z?
3
Let j = 49 - 32. What is the tens digit of j?
1
Let p = -7 + 6. What is the tens digit of p*18/((-1)/1)?
1
Suppose h - 6 = -5*y - 1, 35 = 5*y - 5*h. Let c(i) = -2*i**2 - 5*i + 3*i**2 + 4*i - y. What is the units digit of c(-2)?
4
Let i be ((-3)/(-2))/((-3)/(-10)). Suppose -i*m = -31 - 19. What is the tens digit of m?
1
Let c(b) = -b**2 + 2*b + 4. Let h be c(4). Let w(g) = g**3 + 3*g**2 - 4*g + 4. What is the units digit of w(h)?
4
Suppose 0 = -5*w + 5*x + 3 + 2, -w = -4*x + 5. What is the tens digit of (-160)/(-8) + w/(-1)?
1
Suppose v = 5*a - 8, 5*a + 2 = -5*v - 8. What is the units digit of 24/6 - 0/a?
4
Let u(y) = -8*y + 1. What is the units digit of u(-3)?
5
Let w be 1/(-2)*-2 + -2. Let o(j) = -15*j + 2. What is the tens digit of o(w)?
1
Let v(j) = -j. Let c be v(2). Let i = 0 - c. What is the units digit of i?
2
Let n be -7*2/(-3 - -1). Suppose -24 = 4*o + 2*o. Let l = o + n. What is the units digit of l?
3
Let f be (-16)/6 - (-1)/(-3). Let s = f + 7. Suppose s*z - c - 5 = 30, -3*z + 24 = -3*c. What is the units digit of z?
9
Let p = -174 - -106. Let s = p + 47. Let t = 30 + s. What is the units digit of t?
9
What 